 be f(10). Let v = w + 10. What is the units digit of v?
3
Suppose f = 2*f - 10. Let y(c) = -f + 20*c + 8*c**2 - 9*c + 0*c**2 - c**3. What is the units digit of y(9)?
8
Let x be (-5 - -6)*(0 + 5). Suppose 4*b = 6*b + x*d - 48, -2*b + 12 = -4*d. What is the units digit of b?
4
Suppose 0 - 8 = 4*k. Suppose 0 = -3*i - 2*i - 4*y + 5, 4*i = y + 4. What is the units digit of 1 - (-2 - (i - k))?
6
Suppose 0 = -0*n + 4*n - q - 5, 3*n + q = 9. Suppose 0 = -3*m + n*m - 2*a + 10, -10 = 2*a. What is the units digit of m?
0
Let n be -2 - (18 + -2)/(-2). Suppose t = -t + n. What is the units digit of t?
3
Let i = 6 - 9. Let a(y) = 7*y**3 + 9*y**2 + 5*y - 3. Let t(m) = m**3 + m**2 + m - 1. Let r(u) = -a(u) + 5*t(u). What is the units digit of r(i)?
6
Let n(d) = -2*d + d + 2*d + 0*d - 4. Let s be n(5). What is the tens digit of (11 - (1 + -2))/s?
1
Let q(f) = -f**3 - 5*f**2 + 2. Let o be q(-5). Suppose 3*u = -o*u + 10. Suppose -n - 4 = -3*b + u, -2*n + 21 = 5*b. What is the units digit of b?
3
Suppose -4*q + 4*m - 5*m + 41 = 0, -5*q - 5*m = -55. What is the tens digit of q?
1
Suppose 4*z = -0*z + 244. What is the tens digit of z?
6
Suppose i = 3*f + 4, -3*i + 2*f + 12 = -3*f. What is the units digit of i?
4
Let d(w) = -w - 8. Let p be d(-11). Suppose -2*x + 71 = 2*x + p*n, -3*x - 2*n = -52. What is the tens digit of x?
1
Suppose 6*j - 2*j = 52. What is the units digit of j?
3
Suppose 16*m = 7*m + 225. What is the units digit of m?
5
Let c be (-2*3)/(3/(-2)). Let q be 12/10*100/15. Suppose -c = -5*x + x + 4*z, -5*x + q = -4*z. What is the units digit of x?
4
Let b(k) = k**3 - 3*k**2 + 4*k. Let o = 2 + 1. Suppose 4*r - 3*r = o. What is the units digit of b(r)?
2
Let l be (-465)/(-27) + (-2)/9. Let a = l + -9. Let t = a - 5. What is the units digit of t?
3
Let t(l) = l**3 - 2*l**2 - 3*l - 6. Let p(f) = f**3 - 2*f**2 - 4*f - 7. Let h(w) = -6*p(w) + 7*t(w). What is the units digit of h(3)?
8
Suppose -5 - 4 = 3*g. Let p = g + 2. What is the units digit of (3 + 0)*p/(-3)?
1
Suppose 3*a = 2*a + 47. What is the units digit of a?
7
Let i(o) = o + 1. Let f = -11 - -7. Let h be i(f). What is the units digit of (-204)/(-15) + h/5?
3
Let l(p) = 3*p**3 - p**2 - 10*p - 22. Let h(g) = g**3 - 3*g - 7. Let s(x) = -7*h(x) + 2*l(x). What is the tens digit of s(-4)?
3
Let b = 8 + -8. Suppose b*o - 10 = -2*o. Suppose f = -5*u + o - 1, 4*u = -5*f + 20. What is the units digit of f?
4
Let n(v) = v**3 + 5*v**2 - 5*v + 6. Let h be n(-6). Suppose h = 3*r - x - 5, 1 = r - x. Suppose 9 - 3 = r*d. What is the units digit of d?
3
What is the tens digit of (-1 + 50)/(3 + (-2 - 0))?
4
Suppose 0*r = r - 2. What is the units digit of (-15)/3 + r - -19?
6
Let p(c) = c**2 + 7*c + 10. Suppose 21 = -3*s - 0*s. What is the tens digit of p(s)?
1
What is the hundreds digit of (-1)/(-2 - -3) - (-226 - -13)?
2
Let p = 1 - 8. Let r = 1 - p. What is the units digit of r?
8
Let x(j) be the second derivative of -j**5/20 - j**4/3 + j**3/2 - 3*j**2 - 14*j. Let m = -5 - 0. What is the units digit of x(m)?
4
Let l = 0 + 1. Let w be (-1)/3 - 5/3. What is the tens digit of w*l + 16 + -1?
1
Suppose -747 = -5*l + 4*h, h + 444 = 3*l - 0*l. What is the units digit of l?
7
Let s(g) = -g**3 - 6*g**2 - 7*g + 2. Let u(t) = t - 1. Let o(c) = -s(c) - 2*u(c). Let h be o(-4). Let p = -4 + h. What is the units digit of p?
8
Let b = 122 + -86. What is the tens digit of b?
3
Let v = -61 - -65. Let n = 16 - -43. Suppose -4 = h - 5, h = v*p - n. What is the units digit of p?
5
What is the units digit of (-21)/49 + 34/14?
2
Let a be (-2)/(-4) - 51/(-34). Suppose -3*s = i + s + 2, 5*i - 12 = a*s. What is the units digit of i?
2
Let x be 111/4 + 3/(-4). Suppose -2*t + x = -3*m + t, 5*m + t = -27. What is the units digit of (2/(m/57))/(-1)?
9
Let i(a) = -a**2 + 1. Let y be i(4). Suppose 0 = -4*f - 5 - 3. What is the units digit of 5/10 + y/f?
8
Suppose -2*h + h = -3. Suppose h*w - 20 = 13. What is the tens digit of w?
1
Suppose -8 = -2*h - 0. Suppose 2*d - 32 = -h*p + 2, 0 = 4*p + 5*d - 19. What is the units digit of p?
1
Suppose 4*m - 200 = -0*m. What is the units digit of m?
0
Let t = 121 - 42. What is the units digit of t?
9
Suppose 0 = -5*y + t + 147, 5*y + 19 - 157 = 4*t. Suppose -2*p = -p - y. What is the units digit of p?
0
Suppose 117 = 5*y - 288. What is the tens digit of y?
8
Suppose -5*f = 0, 2*i + f + 2 + 2 = 0. Let s be i/4*-1*6. Suppose -3*y = 3*w - 9, -s*y - 2*y + 11 = w. What is the units digit of y?
2
Let b = 9 - 16. Suppose -d + 2*d = -10. Let g = b - d. What is the units digit of g?
3
Let m = 557 + -263. What is the hundreds digit of m?
2
Let d(z) be the third derivative of -z**6/120 - z**5/15 + z**4/8 - z**3/6 - 5*z**2. Let f be 3*-1*1 - 2. What is the units digit of d(f)?
9
Let k(u) = -u + 7. Let w be k(5). Suppose -w*h = -6*h. Suppose h = -2*j - 2*j + r + 21, 3*r - 7 = -2*j. What is the units digit of j?
5
What is the units digit of (-1 + 60)*1 - 5?
4
Let o(m) = m**2 - 3*m - 4. Let t(q) = q + 1. Let y(s) = -o(s) - 2*t(s). Let a be y(-3). What is the units digit of (-6)/2 + (0 - a)?
7
Let d(l) = 3*l + 1. Let g be d(-1). What is the units digit of 6/2 + g*1?
1
Let v = -6 - -8. What is the units digit of (6/v)/(7/35)?
5
Suppose -3*o - 2*o + 5 = 0, 2*x - 3 = 3*o. Suppose 0 = 4*a + x*z + 16, -4*a - 32 = -2*z + z. Let s = -6 - a. What is the units digit of s?
1
Let d be -85*(-4)/4 - 4. Suppose 3 - d = -3*v. What is the tens digit of v?
2
Let z = 82 + -43. What is the units digit of z?
9
Suppose 4*p - 2*p = 10. Suppose p*x = 5*c + 6 - 36, -44 = -5*c - 2*x. What is the units digit of c?
8
Suppose 2*m - 10 = -2*y, 3 + 13 = 4*m + 3*y. Let x(r) = m + 4 + 8 - r. What is the units digit of x(8)?
5
Let z = -45 + 79. Let j = z - 24. What is the units digit of j?
0
Let i(f) = -5*f - 8 + 2 + 2*f. What is the tens digit of i(-6)?
1
Let q(n) = -n**2 + 13*n - 10. Let z(j) = j. Let g(d) = -q(d) + 5*z(d). What is the tens digit of g(8)?
1
Let j = 41 - 13. Let x = -14 + j. What is the units digit of x?
4
Let p = -11 + -1. Let s = 21 + p. What is the units digit of s?
9
Let k(v) = 2*v**2 + 7*v + 3. Let l(z) = -3*z**2 - 10*z - 4. Let t(w) = -7*k(w) - 5*l(w). What is the units digit of t(4)?
9
Let h(z) = 11*z - 6. What is the tens digit of h(3)?
2
Let g = -94 - -134. Suppose -5*r = 5*d + 40, 0*d - 4*r = -4*d - g. Let s(p) = -p**3 - 10*p**2 - 11*p + 4. What is the units digit of s(d)?
2
Suppose 0 = h + n + 2, -3*h + n + 5 = 27. Let z(u) = u**2 + 2*u + 5. What is the tens digit of z(h)?
2
Let h(g) = 2*g - 1. Let a be h(-3). Let m be 2/(-2)*(a + 2). Suppose 12 = 4*c - 4*b, -5*c + b + 26 + m = 0. What is the units digit of c?
7
Let n(w) = w**3 + 16*w**2 + 13*w + 30. What is the tens digit of n(-15)?
6
Suppose -4 = 5*t - 24. Suppose t*o = 3*o + 7. What is the units digit of o?
7
Let j(n) = -7*n**3 + n**2 + n - 1. Let y be j(1). Let r = 12 + y. What is the units digit of r?
6
Let j = 2 + -2. Suppose -2*l = 4*f - j - 60, 0 = -2*f - 4*l + 18. What is the tens digit of f?
1
Suppose 3*y - 12 = 2*d, 4*y + 37 = -4*d - 7. What is the tens digit of (-98)/(-6) - 6/d?
1
Let h(w) = -w**2 - 13*w + 14. Let d be h(-10). Let y = -31 + d. What is the units digit of y?
3
Let p = 14 - 8. Suppose 0 = -l - l - p. Let u(h) = -h**3 - 2*h**2 - 2*h. What is the tens digit of u(l)?
1
Let o(u) = 5*u + 14. Let l(r) = -11*r - 27. Let d(s) = -2*l(s) - 5*o(s). What is the units digit of d(-14)?
6
Let y(q) = q**2 + 10*q - 9. Suppose 4*o + 36 = -3*n, -2*o - o = 0. What is the tens digit of y(n)?
1
Suppose -10 = -z - 4*z. Suppose 0 = z*p - 0*p + 2*o - 6, 7 = -3*p + o. What is the units digit of p + (-1)/((-1)/2)?
1
Let j be 1 + -3 - 12/(-4). What is the units digit of j*(-3 + 2)*-30?
0
Suppose 0 = -4*f - r + 21, 3*r - 1 + 13 = 3*f. Suppose 8*p + 5*o = 3*p + 30, -4*p + f*o + 42 = 0. What is the units digit of p?
8
Let y(g) = g**3 + 12*g**2 + 5*g - 1. What is the tens digit of y(-9)?
9
Suppose t = 3, t + 0*t = 3*x - 3. What is the units digit of (-1 + x)*17/1?
7
Let j = -8 - -10. Suppose -j*g = -4*g + 10. Suppose 40 = -g*m + 110. What is the tens digit of m?
1
Let z(s) = -s**3 + 16*s**2 + 18*s. What is the tens digit of z(17)?
1
Let z(b) = b**3 - 3*b**2 + 3*b - 6. What is the tens digit of z(5)?
5
What is the units digit of (-2 - -3)*41 + -2?
9
Let a(i) = -i - 9. Let d be 